{"id":907,"date":"2024-11-08T09:32:18","date_gmt":"2024-11-08T08:32:18","guid":{"rendered":"https:\/\/markthalle-rodenkirchen.de\/?page_id=907"},"modified":"2025-04-03T03:33:56","modified_gmt":"2025-04-03T01:33:56","slug":"catering","status":"publish","type":"page","link":"https:\/\/markthalle-rodenkirchen.de\/index.php\/catering\/","title":{"rendered":"Catering"},"content":{"rendered":"<h1>\n<h1>Catering<\/h1>\n<\/h1>\n<h1>Catering-Service der Markthalle Rodenkirchen \u2013 Genuss f\u00fcr jedes Event!<\/h1>\n<div>\n<p>Unsere Gerichte werden frisch und lecker in unserer eigenen modernen K\u00fcche zubereitet, sodass garantiert alle G\u00e4ste satt und zufrieden sind.<\/p>\n<p><strong>Veranstaltungen in der Markthalle<br \/><\/strong>Wir bieten unser Catering direkt vor Ort in der Markthalle Rodenkirchen an. Hier k\u00f6nnen wir bis zu 400 Personen bewirten und Ihnen ein leckeres Essen, aus der eigenen modernen K\u00fcche, anbieten.\u00a0<\/p>\n<p><strong>Private Veranstaltungen<br \/><\/strong>F\u00fcr Events bis 50 Personen (vorerst) bieten wir Au\u00dfer-Haus-Catering an, das individuell auf Ihre W\u00fcnsche abgestimmt wird. Abholen oder liefern?<\/p>\n<p><strong>Ihr ma\u00dfgeschneidertes Men\u00fc<br \/><\/strong>Wir stellen mit Ihnen gemeinsam ein Men\u00fc zusammen, das perfekt zu Ihrem Anlass passt.\u00a0<\/p>\n<p><strong>Foodtruck<br \/><\/strong>Ob Burger, Currywurst mit Pommes oder Ihr Wunschessen nach M\u00f6glichkeit. Mit unserem Foodtruck, kommen wir zu Ihnen!\u00a0<\/p>\n<p><strong>Kontaktieren Sie uns<\/strong> noch heute, und wir erstellen Ihnen ein individuelles Catering-Angebot, das Ihre G\u00e4ste begeistern wird!<\/p>\n<\/div>\n<p>\n    <a href=\"https:\/\/markthalle-rodenkirchen.de\/#buchung\">Angebot anfordern<\/a>\n<\/p>\n<p><video src=\"\/wp-content\/uploads\/2025\/04\/Catering-Clip.mp4\" poster=\"\"><\/video><\/p>\n<ul>\n<li>\n<p>        <img decoding=\"async\" src=\"\/wp-content\/uploads\/2023\/02\/324221423_661640772414792_942068642081939024_n-e1743639991891.gif\" alt=\"\"><\/p>\n<\/li>\n<li>\n<p>        <img decoding=\"async\" src=\"\/wp-content\/uploads\/2025\/04\/4R1A8655-scaled.jpg\" alt=\"\"><\/p>\n<\/li>\n<li>\n<p>        <img decoding=\"async\" src=\"\/wp-content\/uploads\/2025\/04\/4R1A8652-scaled.jpg\" alt=\"\"><\/p>\n<\/li>\n<li>\n<p>        <img decoding=\"async\" src=\"\/wp-content\/uploads\/2025\/04\/4R1A8646-scaled.jpg\" alt=\"\"><\/p>\n<\/li>\n<li>\n<p>        <img decoding=\"async\" src=\"\/wp-content\/uploads\/2025\/04\/4R1A8640-scaled.jpg\" alt=\"\"><\/p>\n<\/li>\n<li>\n<p>        <img decoding=\"async\" src=\"\/wp-content\/uploads\/2025\/04\/4R1A8633-scaled.jpg\" alt=\"\"><\/p>\n<\/li>\n<li>\n<p>        <img decoding=\"async\" src=\"\/wp-content\/uploads\/2025\/04\/4R1A8586-scaled.jpg\" alt=\"\"><\/p>\n<\/li>\n<li>\n<p>        <img decoding=\"async\" src=\"\/wp-content\/uploads\/2025\/04\/4R1A8662-scaled.jpg\" alt=\"\"><\/p>\n<\/li>\n<li>\n<p>        <img decoding=\"async\" src=\"\/wp-content\/uploads\/2025\/04\/DSC00085-scaled.jpg\" alt=\"\"><\/p>\n<\/li>\n<li>\n<p>        <img decoding=\"async\" src=\"\/wp-content\/uploads\/2025\/04\/DSC00112-scaled.jpg\" alt=\"\"><\/p>\n<\/li>\n<li>\n<p>        <img decoding=\"async\" src=\"\/wp-content\/uploads\/2025\/04\/DSC00081-scaled.jpg\" alt=\"\"><\/p>\n<\/li>\n<li>\n<p>        <img decoding=\"async\" src=\"\/wp-content\/uploads\/2025\/04\/DSC00083-scaled.jpg\" alt=\"\"><\/p>\n<\/li>\n<li>\n<p>        <img decoding=\"async\" src=\"\/wp-content\/uploads\/2025\/04\/4R1A8605-2-scaled.jpg\" alt=\"\"><\/p>\n<\/li>\n<\/ul>\n<p><!--more--><br \/>\n<!-- {\"name\":\"Catering\",\"type\":\"layout\",\"children\":[{\"type\":\"section\",\"props\":{\"header_transparent\":\"dark\",\"image_position\":\"center-center\",\"padding\":\"large\",\"padding_remove_bottom\":false,\"style\":\"default\",\"title_breakpoint\":\"xl\",\"title_position\":\"top-left\",\"title_rotation\":\"left\",\"vertical_align\":\"middle\",\"width\":\"xlarge\"},\"children\":[{\"type\":\"row\",\"children\":[{\"type\":\"column\",\"props\":{\"image_position\":\"center-center\",\"position_sticky_breakpoint\":\"m\",\"media_overlay_gradient\":\"\",\"width_medium\":\"1-2\"},\"children\":[{\"type\":\"headline\",\"props\":{\"animation\":\"parallax\",\"content\":\"\n\n<h1>Catering<\\\/h1>\",\"parallax_breakpoint\":\"m\",\"parallax_target\":\"!.uk-section\",\"parallax_y\":\"70vh\",\"text_align\":\"left\",\"title_element\":\"h1\",\"title_style\":\"heading-large\"}},{\"type\":\"headline\",\"props\":{\"title_element\":\"h1\",\"content\":\"Catering-Service der Markthalle Rodenkirchen \\u2013 Genuss f\\u00fcr jedes Event!\",\"title_style\":\"h3\"}},{\"type\":\"text\",\"props\":{\"margin\":\"default\",\"column_breakpoint\":\"m\",\"content\":\"\n\n<p>Unsere Gerichte werden frisch und lecker in unserer eigenen modernen K\\u00fcche zubereitet, sodass garantiert alle G\\u00e4ste satt und zufrieden sind.<\\\/p>\\n\n\n<p><strong>Veranstaltungen in der Markthalle<br \\\/><\\\/strong>Wir bieten unser Catering direkt vor Ort in der Markthalle Rodenkirchen an. Hier k\\u00f6nnen wir bis zu 400 Personen bewirten und Ihnen ein leckeres Essen, aus der eigenen modernen K\\u00fcche, anbieten.\\u00a0<\\\/p>\\n\n\n<p><strong>Private Veranstaltungen<br \\\/><\\\/strong>F\\u00fcr Events bis 50 Personen (vorerst) bieten wir Au\\u00dfer-Haus-Catering an, das individuell auf Ihre W\\u00fcnsche abgestimmt wird. Abholen oder liefern?<\\\/p>\\n\n\n<p><strong>Ihr ma\\u00dfgeschneidertes Men\\u00fc<br \\\/><\\\/strong>Wir stellen mit Ihnen gemeinsam ein Men\\u00fc zusammen, das perfekt zu Ihrem Anlass passt.\\u00a0<\\\/p>\\n\n\n<p><strong>Foodtruck<br \\\/><\\\/strong>Ob Burger, Currywurst mit Pommes oder Ihr Wunschessen nach M\\u00f6glichkeit. Mit unserem Foodtruck, kommen wir zu Ihnen!\\u00a0<\\\/p>\\n\n\n<p><strong>Kontaktieren Sie uns<\\\/strong> noch heute, und wir erstellen Ihnen ein individuelles Catering-Angebot, das Ihre G\\u00e4ste begeistern wird!<\\\/p>\"}},{\"type\":\"nav\",\"props\":{\"nav_style\":\"default\"},\"children\":[{\"type\":\"nav_item\",\"props\":{\"content\":\"Angebot anfordern\",\"link\":\"https:\\\/\\\/markthalle-rodenkirchen.de\\\/#buchung\"}}]},{\"type\":\"video\",\"props\":{\"video_controls\":true,\"margin\":\"default\",\"video\":\"wp-content\\\/uploads\\\/2025\\\/04\\\/Catering-Clip.mp4\",\"video_width\":\"250\",\"video_autoplay\":\"\",\"video_loop\":false}}]},{\"type\":\"column\",\"props\":{\"position_sticky_breakpoint\":\"m\",\"image_position\":\"center-center\",\"media_overlay_gradient\":\"\",\"width_medium\":\"1-2\"},\"children\":[{\"type\":\"gallery\",\"props\":{\"show_title\":true,\"show_meta\":true,\"show_content\":true,\"show_link\":true,\"show_hover_image\":true,\"grid_default\":\"1\",\"grid_medium\":\"1\",\"filter_style\":\"tab\",\"filter_all\":true,\"filter_position\":\"top\",\"filter_align\":\"left\",\"filter_grid_width\":\"auto\",\"filter_grid_breakpoint\":\"m\",\"overlay_mode\":\"cover\",\"overlay_hover\":false,\"overlay_style\":\"\",\"text_color\":\"light\",\"overlay_position\":\"center\",\"overlay_transition\":\"fade\",\"title_hover_style\":\"reset\",\"title_element\":\"h3\",\"meta_style\":\"meta\",\"meta_align\":\"below-title\",\"meta_element\":\"div\",\"link_text\":\"Read more\",\"link_style\":\"default\",\"text_align\":\"center\",\"margin\":\"default\",\"item_animation\":true,\"grid_masonry\":true,\"css\":\".el-image {\\n    border-radius: 20px;\\n}\\n\",\"grid_column_gap\":\"small\",\"grid_row_gap\":\"small\"},\"children\":[{\"type\":\"gallery_item\",\"props\":{\"image\":\"wp-content\\\/uploads\\\/2023\\\/02\\\/324221423_661640772414792_942068642081939024_n-e1743639991891.gif\"}},{\"type\":\"gallery_item\",\"props\":{\"image\":\"wp-content\\\/uploads\\\/2025\\\/04\\\/4R1A8655-scaled.jpg\"}},{\"type\":\"gallery_item\",\"props\":{\"image\":\"wp-content\\\/uploads\\\/2025\\\/04\\\/4R1A8652-scaled.jpg\"}},{\"type\":\"gallery_item\",\"props\":{\"image\":\"wp-content\\\/uploads\\\/2025\\\/04\\\/4R1A8646-scaled.jpg\"}},{\"type\":\"gallery_item\",\"props\":{\"image\":\"wp-content\\\/uploads\\\/2025\\\/04\\\/4R1A8640-scaled.jpg\"}},{\"type\":\"gallery_item\",\"props\":{\"image\":\"wp-content\\\/uploads\\\/2025\\\/04\\\/4R1A8633-scaled.jpg\"}},{\"type\":\"gallery_item\",\"props\":{\"image\":\"wp-content\\\/uploads\\\/2025\\\/04\\\/4R1A8586-scaled.jpg\"}},{\"type\":\"gallery_item\",\"props\":{\"image\":\"wp-content\\\/uploads\\\/2025\\\/04\\\/4R1A8662-scaled.jpg\"}},{\"type\":\"gallery_item\",\"props\":{\"image\":\"wp-content\\\/uploads\\\/2025\\\/04\\\/DSC00085-scaled.jpg\"}},{\"type\":\"gallery_item\",\"props\":{\"image\":\"wp-content\\\/uploads\\\/2025\\\/04\\\/DSC00112-scaled.jpg\"}},{\"type\":\"gallery_item\",\"props\":{\"image\":\"wp-content\\\/uploads\\\/2025\\\/04\\\/DSC00081-scaled.jpg\"}},{\"type\":\"gallery_item\",\"props\":{\"image\":\"wp-content\\\/uploads\\\/2025\\\/04\\\/DSC00083-scaled.jpg\"}},{\"type\":\"gallery_item\",\"props\":{\"image\":\"wp-content\\\/uploads\\\/2025\\\/04\\\/4R1A8605-2-scaled.jpg\"}}]}]}],\"props\":{\"layout\":\"1-2,1-2\",\"column_gap\":\"large\"}}],\"name\":\"Hero\"},{\"type\":\"section\",\"props\":{\"style\":\"default\",\"width\":\"default\",\"vertical_align\":\"middle\",\"title_position\":\"top-left\",\"title_rotation\":\"left\",\"title_breakpoint\":\"xl\",\"image_position\":\"center-center\"},\"children\":[{\"type\":\"row\",\"children\":[{\"type\":\"column\",\"props\":{\"position_sticky_breakpoint\":\"m\",\"image_position\":\"center-center\",\"media_overlay_gradient\":\"\"},\"children\":[]}]}]}],\"version\":\"2.7.22\"} --><\/p>\n","protected":false},"excerpt":{"rendered":"<p>Catering Catering-Service der Markthalle Rodenkirchen \u2013 Genuss f\u00fcr jedes Event! Unsere Gerichte werden frisch und lecker in unserer eigenen modernen K\u00fcche zubereitet, sodass garantiert alle G\u00e4ste satt und zufrieden sind. Veranstaltungen in der MarkthalleWir bieten unser Catering direkt vor Ort in der Markthalle Rodenkirchen an. Hier k\u00f6nnen wir bis zu 400 Personen bewirten und Ihnen [&hellip;]<\/p>\n","protected":false},"author":3,"featured_media":0,"parent":0,"menu_order":0,"comment_status":"closed","ping_status":"closed","template":"","meta":{"footnotes":""},"class_list":["post-907","page","type-page","status-publish","hentry"],"_links":{"self":[{"href":"https:\/\/markthalle-rodenkirchen.de\/index.php\/wp-json\/wp\/v2\/pages\/907","targetHints":{"allow":["GET"]}}],"collection":[{"href":"https:\/\/markthalle-rodenkirchen.de\/index.php\/wp-json\/wp\/v2\/pages"}],"about":[{"href":"https:\/\/markthalle-rodenkirchen.de\/index.php\/wp-json\/wp\/v2\/types\/page"}],"author":[{"embeddable":true,"href":"https:\/\/markthalle-rodenkirchen.de\/index.php\/wp-json\/wp\/v2\/users\/3"}],"replies":[{"embeddable":true,"href":"https:\/\/markthalle-rodenkirchen.de\/index.php\/wp-json\/wp\/v2\/comments?post=907"}],"version-history":[{"count":10,"href":"https:\/\/markthalle-rodenkirchen.de\/index.php\/wp-json\/wp\/v2\/pages\/907\/revisions"}],"predecessor-version":[{"id":1143,"href":"https:\/\/markthalle-rodenkirchen.de\/index.php\/wp-json\/wp\/v2\/pages\/907\/revisions\/1143"}],"wp:attachment":[{"href":"https:\/\/markthalle-rodenkirchen.de\/index.php\/wp-json\/wp\/v2\/media?parent=907"}],"curies":[{"name":"wp","href":"https:\/\/api.w.org\/{rel}","templated":true}]}}